66.249.73.177 - - [17/Jul/2015:08:37:41 +0900] "GET /calendar/img/cal/2015/05-.jpg HTTP/1.1" 200 29818 "-" "Googlebot-Image/1.0"
66.249.73.187 - - [17/Jul/2015:08:42:50 +0900] "GET /img/asagao.png HTTP/1.1" 200 16282 "-" "Googlebot-Image/1.0"
66.249.65.54 - - [17/Jul/2015:08:43:23 +0900] "GET /download/%E5%85%A5%E4%BC%9A%E7%94%B3%E8%BE%BC%E6%9B%B8.pdf HTTP/1.1" 200 46921 "-" "Googlebot/2.1 (+http://www.google.com/bot.html)"
66.249.73.195 - - [17/Jul/2015:08:47:57 +0900] "GET /news/img/Pamph_04.png HTTP/1.1" 200 423917 "-" "Googlebot-Image/1.0"
66.249.65.51 - - [17/Jul/2015:08:53:06 +0900] "GET /calendar/img/cal/December2014l.png HTTP/1.1" 200 615381 "-" "Googlebot-Image/1.0"
66.249.73.185 - - [17/Jul/2015:08:58:14 +0900] "GET /news/img/DSCN0075.jpg HTTP/1.1" 200 2004210 "-" "Googlebot-Image/1.0"
66.249.73.185 - - [17/Jul/2015:09:03:22 +0900] "GET /news/img/DSCN0077.jpg HTTP/1.1" 200 1968356 "-" "Googlebot-Image/1.0"
66.249.73.203 - - [17/Jul/2015:09:08:31 +0900] "GET /img/logo_s_n.gif HTTP/1.1" 200 6345 "-" "Googlebot-Image/1.0"
66.249.73.185 - - [17/Jul/2015:09:13:39 +0900] "GET /pub-relation/img/protistpop.png HTTP/1.1" 200 33465 "-" "Googlebot-Image/1.0"
66.249.73.203 - - [17/Jul/2015:09:18:47 +0900] "GET /biology/KONCHU_files/droppedImage_6.png HTTP/1.1" 200 18118 "-" "Googlebot-Image/1.0"
66.249.73.169 - - [17/Jul/2015:09:23:55 +0900] "GET /calendar/img/cal/November2014.png HTTP/1.1" 200 55102 "-" "Googlebot-Image/1.0"
66.249.73.169 - - [17/Jul/2015:09:29:03 +0900] "GET /img/morningtop.png HTTP/1.1" 200 57157 "-" "Googlebot-Image/1.0"
66.249.73.169 - - [17/Jul/2015:09:34:12 +0900] "GET /pub-relation/img/zebra.png HTTP/1.1" 200 86699 "-" "Googlebot-Image/1.0"
66.249.73.195 - - [17/Jul/2015:09:39:20 +0900] "GET /biology/KONCHU_files/droppedImage_4.png HTTP/1.1" 200 17799 "-" "Googlebot-Image/1.0"
66.249.73.187 - - [17/Jul/2015:09:44:28 +0900] "GET /img/June2014.png HTTP/1.1" 200 741642 "-" "Googlebot-Image/1.0"
66.249.73.195 - - [17/Jul/2015:09:49:37 +0900] "GET /img/lifescience.jpg HTTP/1.1" 200 6298 "-" "Googlebot-Image/1.0"
133.50.144.224 - - [17/Jul/2015:09:54:02 +0900] "GET /cp/brp/checkout/medaka/payinfo_input.php?cod=MF1649-425-150716-899 HTTP/1.1" 200 5785 "-" "Mozilla/5.0 (Macintosh; Intel Mac OS X 10_7_5) AppleWebKit/537.78.2 (KHTML, like Gecko) Version/6.1.6 Safari/537.78.2"
133.50.144.224 - - [17/Jul/2015:09:54:02 +0900] "GET /cp/img/logo_03.jpg HTTP/1.1" 200 34331 "https://www.sel.or.jp/cp/brp/checkout/medaka/payinfo_input.php?cod=MF1649-425-150716-899" "Mozilla/5.0 (Macintosh; Intel Mac OS X 10_7_5) AppleWebKit/537.78.2 (KHTML, like Gecko) Version/6.1.6 Safari/537.78.2"
133.50.144.224 - - [17/Jul/2015:09:54:02 +0900] "GET /bio-resource/img/NIBB.gif HTTP/1.1" 200 12679 "https://www.sel.or.jp/cp/brp/checkout/medaka/payinfo_input.php?cod=MF1649-425-150716-899" "Mozilla/5.0 (Macintosh; Intel Mac OS X 10_7_5) AppleWebKit/537.78.2 (KHTML, like Gecko) Version/6.1.6 Safari/537.78.2"
133.50.144.224 - - [17/Jul/2015:09:54:03 +0900] "GET /favicon.ico HTTP/1.1" 404 209 "https://www.sel.or.jp/cp/brp/checkout/medaka/payinfo_input.php?cod=MF1649-425-150716-899" "Mozilla/5.0 (Macintosh; Intel Mac OS X 10_7_5) AppleWebKit/537.78.2 (KHTML, like Gecko) Version/6.1.6 Safari/537.78.2"
66.249.73.169 - - [17/Jul/2015:09:54:45 +0900] "GET /pub-relation/img/trefoilpop.png HTTP/1.1" 200 37168 "-" "Googlebot-Image/1.0"
133.50.144.224 - - [17/Jul/2015:09:56:03 +0900] "POST /cp/brp/checkout/medaka/confirm_payinfo.php HTTP/1.1" 200 4315 "https://www.sel.or.jp/cp/brp/checkout/medaka/payinfo_input.php?cod=MF1649-425-150716-899" "Mozilla/5.0 (Macintosh; Intel Mac OS X 10_7_5) AppleWebKit/537.78.2 (KHTML, like Gecko) Version/6.1.6 Safari/537.78.2"
133.50.144.224 - - [17/Jul/2015:09:56:10 +0900] "POST /cp/brp/checkout/medaka/payed.php HTTP/1.1" 200 2781 "https://www.sel.or.jp/cp/brp/checkout/medaka/confirm_payinfo.php" "Mozilla/5.0 (Macintosh; Intel Mac OS X 10_7_5) AppleWebKit/537.78.2 (KHTML, like Gecko) Version/6.1.6 Safari/537.78.2"
66.249.73.195 - - [17/Jul/2015:09:59:53 +0900] "GET /biology/KONCHU_files/shapeimage_4.png HTTP/1.1" 200 12272 "-" "Googlebot-Image/1.0"
66.249.73.177 - - [17/Jul/2015:10:05:01 +0900] "GET /img/tomatopop.png HTTP/1.1" 200 36754 "-" "Googlebot-Image/1.0"
66.249.73.195 - - [17/Jul/2015:10:10:10 +0900] "GET /news/img/kaijou_2.png HTTP/1.1" 200 755020 "-" "Googlebot-Image/1.0"
66.249.65.57 - - [17/Jul/2015:10:15:18 +0900] "GET /img/medakapop1.png HTTP/1.1" 200 37190 "-" "Googlebot-Image/1.0"
66.249.73.203 - - [17/Jul/2015:10:20:26 +0900] "GET /img/stsc_banner.png HTTP/1.1" 200 71882 "-" "Googlebot-Image/1.0"
66.249.65.54 - - [17/Jul/2015:10:25:35 +0900] "GET /img/August2014.png HTTP/1.1" 200 781925 "-" "Googlebot-Image/1.0"
219.112.191.212 - data [17/Jul/2015:10:25:46 +0900] "GET /db/education/ HTTP/1.1" 200 4819 "-" "Mozilla/5.0 (Macintosh; Intel Mac OS X 10.10; rv:39.0) Gecko/20100101 Firefox/39.0"
219.112.191.212 - - [17/Jul/2015:10:25:46 +0900] "GET /bio-resource/css/common.css HTTP/1.1" 304 - "http://sel.or.jp/db/education/" "Mozilla/5.0 (Macintosh; Intel Mac OS X 10.10; rv:39.0) Gecko/20100101 Firefox/39.0"
219.112.191.212 - - [17/Jul/2015:10:25:46 +0900] "GET /bio-resource/css/samplemail.css HTTP/1.1" 304 - "http://sel.or.jp/db/education/" "Mozilla/5.0 (Macintosh; Intel Mac OS X 10.10; rv:39.0) Gecko/20100101 Firefox/39.0"
219.112.191.212 - - [17/Jul/2015:10:25:46 +0900] "GET /img/logo_03.jpg HTTP/1.1" 304 - "http://sel.or.jp/db/education/" "Mozilla/5.0 (Macintosh; Intel Mac OS X 10.10; rv:39.0) Gecko/20100101 Firefox/39.0"
66.249.73.185 - - [17/Jul/2015:10:30:42 +0900] "GET /calendar/img/cal/2015/09-.jpg HTTP/1.1" 200 17090 "-" "Googlebot-Image/1.0"
219.112.191.212 - - [17/Jul/2015:10:33:09 +0900] "GET /db/education/input.php HTTP/1.1" 401 401 "-" "Mozilla/5.0 (Macintosh; Intel Mac OS X 10.10; rv:39.0) Gecko/20100101 Firefox/39.0"
125.193.141.234 - - [17/Jul/2015:10:33:13 +0900] "GET /db/education/input.php HTTP/1.1" 401 401 "-" "Mozilla/5.0 (Macintosh; Intel Mac OS X 10.9; rv:39.0) Gecko/20100101 Firefox/39.0"
125.193.141.234 - data [17/Jul/2015:10:33:32 +0900] "GET /db/education/input.php HTTP/1.1" 200 - "-" "Mozilla/5.0 (Macintosh; Intel Mac OS X 10.9; rv:39.0) Gecko/20100101 Firefox/39.0"
125.193.141.234 - - [17/Jul/2015:10:33:32 +0900] "GET /favicon.ico HTTP/1.1" 404 209 "-" "Mozilla/5.0 (Macintosh; Intel Mac OS X 10.9; rv:39.0) Gecko/20100101 Firefox/39.0"
219.112.191.212 - data [17/Jul/2015:10:33:42 +0900] "GET /db/education/input.php HTTP/1.1" 200 - "-" "Mozilla/5.0 (Macintosh; Intel Mac OS X 10.10; rv:39.0) Gecko/20100101 Firefox/39.0"
219.112.191.212 - - [17/Jul/2015:10:33:42 +0900] "GET /favicon.ico HTTP/1.1" 404 209 "-" "Mozilla/5.0 (Macintosh; Intel Mac OS X 10.10; rv:39.0) Gecko/20100101 Firefox/39.0"
219.112.191.212 - - [17/Jul/2015:10:33:42 +0900] "GET /favicon.ico HTTP/1.1" 404 209 "-" "Mozilla/5.0 (Macintosh; Intel Mac OS X 10.10; rv:39.0) Gecko/20100101 Firefox/39.0"
219.112.191.212 - data [17/Jul/2015:10:33:52 +0900] "GET /db/education/input.php HTTP/1.1" 200 - "-" "Mozilla/5.0 (Macintosh; Intel Mac OS X 10.10; rv:39.0) Gecko/20100101 Firefox/39.0"
125.193.141.234 - data [17/Jul/2015:10:33:54 +0900] "GET /db/education/input.php HTTP/1.1" 200 - "-" "Mozilla/5.0 (Macintosh; Intel Mac OS X 10.9; rv:39.0) Gecko/20100101 Firefox/39.0"
66.249.65.57 - - [17/Jul/2015:10:35:23 +0900] "GET /news/img/PosterTopA4s.pdf HTTP/1.1" 200 1035869 "-" "Googlebot/2.1 (+http://www.google.com/bot.html)"
66.249.65.54 - - [17/Jul/2015:10:35:51 +0900] "GET /img/logo_03.jpg HTTP/1.1" 200 37176 "-" "Googlebot-Image/1.0"
157.55.39.11 - - [17/Jul/2015:10:36:36 +0900] "GET /robots.txt HTTP/1.1" 200 352 "-" "Mozilla/5.0 (compatible; bingbot/2.0; +http://www.bing.com/bingbot.htm)"
66.249.73.187 - - [17/Jul/2015:10:40:59 +0900] "GET /calendar/img/cal/September2014l.png HTTP/1.1" 200 589904 "-" "Googlebot-Image/1.0"
125.193.141.234 - - [17/Jul/2015:10:44:38 +0900] "GET / HTTP/1.1" 200 10416 "-" "Mozilla/5.0 (Macintosh; Intel Mac OS X 10_9_5) AppleWebKit/537.36 (KHTML, like Gecko) Chrome/43.0.2357.134 Safari/537.36"
125.193.141.234 - - [17/Jul/2015:10:44:38 +0900] "GET /css/common.css HTTP/1.1" 200 2179 "http://sel.or.jp/" "Mozilla/5.0 (Macintosh; Intel Mac OS X 10_9_5) AppleWebKit/537.36 (KHTML, like Gecko) Chrome/43.0.2357.134 Safari/537.36"
125.193.141.234 - - [17/Jul/2015:10:44:38 +0900] "GET /css/titlepage1.css HTTP/1.1" 200 2015 "http://sel.or.jp/" "Mozilla/5.0 (Macintosh; Intel Mac OS X 10_9_5) AppleWebKit/537.36 (KHTML, like Gecko) Chrome/43.0.2357.134 Safari/537.36"
125.193.141.234 - - [17/Jul/2015:10:44:38 +0900] "GET /css/lightbox.css HTTP/1.1" 200 4190 "http://sel.or.jp/" "Mozilla/5.0 (Macintosh; Intel Mac OS X 10_9_5) AppleWebKit/537.36 (KHTML, like Gecko) Chrome/43.0.2357.134 Safari/537.36"
125.193.141.234 - - [17/Jul/2015:10:44:38 +0900] "GET /js/lightbox.js HTTP/1.1" 200 12340 "http://sel.or.jp/" "Mozilla/5.0 (Macintosh; Intel Mac OS X 10_9_5) AppleWebKit/537.36 (KHTML, like Gecko) Chrome/43.0.2357.134 Safari/537.36"
125.193.141.234 - - [17/Jul/2015:10:44:38 +0900] "GET /img/logo_02.jpg HTTP/1.1" 200 37249 "http://sel.or.jp/" "Mozilla/5.0 (Macintosh; Intel Mac OS X 10_9_5) AppleWebKit/537.36 (KHTML, like Gecko) Chrome/43.0.2357.134 Safari/537.36"
125.193.141.234 - - [17/Jul/2015:10:44:38 +0900] "GET /js/jquery-1.10.2.min.js HTTP/1.1" 200 93107 "http://sel.or.jp/" "Mozilla/5.0 (Macintosh; Intel Mac OS X 10_9_5) AppleWebKit/537.36 (KHTML, like Gecko) Chrome/43.0.2357.134 Safari/537.36"
125.193.141.234 - - [17/Jul/2015:10:44:39 +0900] "GET /img/banner_brp.jpg HTTP/1.1" 200 42075 "http://sel.or.jp/" "Mozilla/5.0 (Macintosh; Intel Mac OS X 10_9_5) AppleWebKit/537.36 (KHTML, like Gecko) Chrome/43.0.2357.134 Safari/537.36"
125.193.141.234 - - [17/Jul/2015:10:44:39 +0900] "GET /img/jdd.jpg HTTP/1.1" 200 42974 "http://sel.or.jp/" "Mozilla/5.0 (Macintosh; Intel Mac OS X 10_9_5) AppleWebKit/537.36 (KHTML, like Gecko) Chrome/43.0.2357.134 Safari/537.36"
125.193.141.234 - - [17/Jul/2015:10:44:39 +0900] "GET /img/nigsakura.png HTTP/1.1" 200 15755 "http://sel.or.jp/" "Mozilla/5.0 (Macintosh; Intel Mac OS X 10_9_5) AppleWebKit/537.36 (KHTML, like Gecko) Chrome/43.0.2357.134 Safari/537.36"
125.193.141.234 - - [17/Jul/2015:10:44:39 +0900] "GET /img/asagao.png HTTP/1.1" 200 16282 "http://sel.or.jp/" "Mozilla/5.0 (Macintosh; Intel Mac OS X 10_9_5) AppleWebKit/537.36 (KHTML, like Gecko) Chrome/43.0.2357.134 Safari/537.36"
125.193.141.234 - - [17/Jul/2015:10:44:39 +0900] "GET /img/title_test.jpg HTTP/1.1" 200 51129 "http://sel.or.jp/" "Mozilla/5.0 (Macintosh; Intel Mac OS X 10_9_5) AppleWebKit/537.36 (KHTML, like Gecko) Chrome/43.0.2357.134 Safari/537.36"
125.193.141.234 - - [17/Jul/2015:10:44:39 +0900] "GET /img/nigtsubaki.png HTTP/1.1" 200 18198 "http://sel.or.jp/" "Mozilla/5.0 (Macintosh; Intel Mac OS X 10_9_5) AppleWebKit/537.36 (KHTML, like Gecko) Chrome/43.0.2357.134 Safari/537.36"
125.193.141.234 - - [17/Jul/2015:10:44:39 +0900] "GET /img/NBRP.jpg HTTP/1.1" 200 11477 "http://sel.or.jp/" "Mozilla/5.0 (Macintosh; Intel Mac OS X 10_9_5) AppleWebKit/537.36 (KHTML, like Gecko) Chrome/43.0.2357.134 Safari/537.36"
125.193.141.234 - - [17/Jul/2015:10:44:39 +0900] "GET /img/lifescience.jpg HTTP/1.1" 200 6298 "http://sel.or.jp/" "Mozilla/5.0 (Macintosh; Intel Mac OS X 10_9_5) AppleWebKit/537.36 (KHTML, like Gecko) Chrome/43.0.2357.134 Safari/537.36"
125.193.141.234 - - [17/Jul/2015:10:44:39 +0900] "GET /img/logo_s_n.gif HTTP/1.1" 200 6345 "http://sel.or.jp/" "Mozilla/5.0 (Macintosh; Intel Mac OS X 10_9_5) AppleWebKit/537.36 (KHTML, like Gecko) Chrome/43.0.2357.134 Safari/537.36"
125.193.141.234 - - [17/Jul/2015:10:44:39 +0900] "GET /img/rinta_banner.png HTTP/1.1" 200 53562 "http://sel.or.jp/" "Mozilla/5.0 (Macintosh; Intel Mac OS X 10_9_5) AppleWebKit/537.36 (KHTML, like Gecko) Chrome/43.0.2357.134 Safari/537.36"
125.193.141.234 - - [17/Jul/2015:10:44:39 +0900] "GET /img/NPOWEB.png HTTP/1.1" 200 6854 "http://sel.or.jp/" "Mozilla/5.0 (Macintosh; Intel Mac OS X 10_9_5) AppleWebKit/537.36 (KHTML, like Gecko) Chrome/43.0.2357.134 Safari/537.36"
125.193.141.234 - - [17/Jul/2015:10:44:39 +0900] "GET /img/Plus-social.png HTTP/1.1" 200 38745 "http://sel.or.jp/" "Mozilla/5.0 (Macintosh; Intel Mac OS X 10_9_5) AppleWebKit/537.36 (KHTML, like Gecko) Chrome/43.0.2357.134 Safari/537.36"
125.193.141.234 - - [17/Jul/2015:10:44:39 +0900] "GET /img/kyoto-city-web_s.png HTTP/1.1" 200 8909 "http://sel.or.jp/" "Mozilla/5.0 (Macintosh; Intel Mac OS X 10_9_5) AppleWebKit/537.36 (KHTML, like Gecko) Chrome/43.0.2357.134 Safari/537.36"
125.193.141.234 - - [17/Jul/2015:10:44:39 +0900] "GET /img/stsc_banner.png HTTP/1.1" 200 71882 "http://sel.or.jp/" "Mozilla/5.0 (Macintosh; Intel Mac OS X 10_9_5) AppleWebKit/537.36 (KHTML, like Gecko) Chrome/43.0.2357.134 Safari/537.36"
125.193.141.234 - - [17/Jul/2015:10:44:39 +0900] "GET /img/K-NPO-C_s.png HTTP/1.1" 200 4158 "http://sel.or.jp/" "Mozilla/5.0 (Macintosh; Intel Mac OS X 10_9_5) AppleWebKit/537.36 (KHTML, like Gecko) Chrome/43.0.2357.134 Safari/537.36"
125.193.141.234 - - [17/Jul/2015:10:44:39 +0900] "GET /img/kyoen-npo_s.png HTTP/1.1" 200 15820 "http://sel.or.jp/" "Mozilla/5.0 (Macintosh; Intel Mac OS X 10_9_5) AppleWebKit/537.36 (KHTML, like Gecko) Chrome/43.0.2357.134 Safari/537.36"
125.193.141.234 - - [17/Jul/2015:10:44:39 +0900] "GET /img/fields_logo.gif HTTP/1.1" 200 2625 "http://sel.or.jp/" "Mozilla/5.0 (Macintosh; Intel Mac OS X 10_9_5) AppleWebKit/537.36 (KHTML, like Gecko) Chrome/43.0.2357.134 Safari/537.36"
125.193.141.234 - - [17/Jul/2015:10:44:39 +0900] "GET /calendar/img/cal/2015/07-.jpg HTTP/1.1" 200 35408 "http://sel.or.jp/" "Mozilla/5.0 (Macintosh; Intel Mac OS X 10_9_5) AppleWebKit/537.36 (KHTML, like Gecko) Chrome/43.0.2357.134 Safari/537.36"
125.193.141.234 - - [17/Jul/2015:10:44:39 +0900] "GET /calendar/img/cal/2015/02-.jpg HTTP/1.1" 200 24564 "http://sel.or.jp/" "Mozilla/5.0 (Macintosh; Intel Mac OS X 10_9_5) AppleWebKit/537.36 (KHTML, like Gecko) Chrome/43.0.2357.134 Safari/537.36"
125.193.141.234 - - [17/Jul/2015:10:44:39 +0900] "GET /img/top_list_test.png HTTP/1.1" 200 17879 "http://sel.or.jp/css/common.css" "Mozilla/5.0 (Macintosh; Intel Mac OS X 10_9_5) AppleWebKit/537.36 (KHTML, like Gecko) Chrome/43.0.2357.134 Safari/537.36"
125.193.141.234 - - [17/Jul/2015:10:44:39 +0900] "GET /img/education_a1.png HTTP/1.1" 200 80681 "http://sel.or.jp/" "Mozilla/5.0 (Macintosh; Intel Mac OS X 10_9_5) AppleWebKit/537.36 (KHTML, like Gecko) Chrome/43.0.2357.134 Safari/537.36"
125.193.141.234 - - [17/Jul/2015:10:44:39 +0900] "GET /calendar/img/cal/2015/03-.jpg HTTP/1.1" 200 29220 "http://sel.or.jp/" "Mozilla/5.0 (Macintosh; Intel Mac OS X 10_9_5) AppleWebKit/537.36 (KHTML, like Gecko) Chrome/43.0.2357.134 Safari/537.36"
125.193.141.234 - - [17/Jul/2015:10:44:39 +0900] "GET /calendar/img/cal/2015/05-.jpg HTTP/1.1" 200 29818 "http://sel.or.jp/" "Mozilla/5.0 (Macintosh; Intel Mac OS X 10_9_5) AppleWebKit/537.36 (KHTML, like Gecko) Chrome/43.0.2357.134 Safari/537.36"
125.193.141.234 - - [17/Jul/2015:10:44:39 +0900] "GET /calendar/img/cal/2015/06-.jpg HTTP/1.1" 200 32062 "http://sel.or.jp/" "Mozilla/5.0 (Macintosh; Intel Mac OS X 10_9_5) AppleWebKit/537.36 (KHTML, like Gecko) Chrome/43.0.2357.134 Safari/537.36"
125.193.141.234 - - [17/Jul/2015:10:44:39 +0900] "GET /calendar/img/cal/2015/08-.jpg HTTP/1.1" 200 40531 "http://sel.or.jp/" "Mozilla/5.0 (Macintosh; Intel Mac OS X 10_9_5) AppleWebKit/537.36 (KHTML, like Gecko) Chrome/43.0.2357.134 Safari/537.36"
125.193.141.234 - - [17/Jul/2015:10:44:39 +0900] "GET /calendar/img/cal/2015/09-.jpg HTTP/1.1" 200 17090 "http://sel.or.jp/" "Mozilla/5.0 (Macintosh; Intel Mac OS X 10_9_5) AppleWebKit/537.36 (KHTML, like Gecko) Chrome/43.0.2357.134 Safari/537.36"
125.193.141.234 - - [17/Jul/2015:10:44:39 +0900] "GET /calendar/img/cal/2015/01-.jpg HTTP/1.1" 200 245673 "http://sel.or.jp/" "Mozilla/5.0 (Macintosh; Intel Mac OS X 10_9_5) AppleWebKit/537.36 (KHTML, like Gecko) Chrome/43.0.2357.134 Safari/537.36"
125.193.141.234 - - [17/Jul/2015:10:44:39 +0900] "GET /calendar/img/cal/2015/10-.jpg HTTP/1.1" 200 20130 "http://sel.or.jp/" "Mozilla/5.0 (Macintosh; Intel Mac OS X 10_9_5) AppleWebKit/537.36 (KHTML, like Gecko) Chrome/43.0.2357.134 Safari/537.36"
125.193.141.234 - - [17/Jul/2015:10:44:39 +0900] "GET /calendar/img/cal/2015/11-.jpg HTTP/1.1" 200 14773 "http://sel.or.jp/" "Mozilla/5.0 (Macintosh; Intel Mac OS X 10_9_5) AppleWebKit/537.36 (KHTML, like Gecko) Chrome/43.0.2357.134 Safari/537.36"
125.193.141.234 - - [17/Jul/2015:10:44:39 +0900] "GET /calendar/img/cal/2015/12-.jpg HTTP/1.1" 200 39492 "http://sel.or.jp/" "Mozilla/5.0 (Macintosh; Intel Mac OS X 10_9_5) AppleWebKit/537.36 (KHTML, like Gecko) Chrome/43.0.2357.134 Safari/537.36"
125.193.141.234 - - [17/Jul/2015:10:44:39 +0900] "GET /img/close.png HTTP/1.1" 200 280 "http://sel.or.jp/css/lightbox.css" "Mozilla/5.0 (Macintosh; Intel Mac OS X 10_9_5) AppleWebKit/537.36 (KHTML, like Gecko) Chrome/43.0.2357.134 Safari/537.36"
125.193.141.234 - - [17/Jul/2015:10:44:39 +0900] "GET /img/loading.gif HTTP/1.1" 200 8476 "http://sel.or.jp/css/lightbox.css" "Mozilla/5.0 (Macintosh; Intel Mac OS X 10_9_5) AppleWebKit/537.36 (KHTML, like Gecko) Chrome/43.0.2357.134 Safari/537.36"
125.193.141.234 - - [17/Jul/2015:10:44:39 +0900] "GET /img/prev.png HTTP/1.1" 200 1360 "http://sel.or.jp/css/lightbox.css" "Mozilla/5.0 (Macintosh; Intel Mac OS X 10_9_5) AppleWebKit/537.36 (KHTML, like Gecko) Chrome/43.0.2357.134 Safari/537.36"
125.193.141.234 - - [17/Jul/2015:10:44:39 +0900] "GET /img/next.png HTTP/1.1" 200 1350 "http://sel.or.jp/css/lightbox.css" "Mozilla/5.0 (Macintosh; Intel Mac OS X 10_9_5) AppleWebKit/537.36 (KHTML, like Gecko) Chrome/43.0.2357.134 Safari/537.36"
125.193.141.234 - - [17/Jul/2015:10:44:39 +0900] "GET /calendar/img/cal/2015/04-.jpg HTTP/1.1" 200 23095 "http://sel.or.jp/" "Mozilla/5.0 (Macintosh; Intel Mac OS X 10_9_5) AppleWebKit/537.36 (KHTML, like Gecko) Chrome/43.0.2357.134 Safari/537.36"
125.193.141.234 - - [17/Jul/2015:10:44:40 +0900] "GET /favicon.ico HTTP/1.1" 404 209 "http://sel.or.jp/" "Mozilla/5.0 (Macintosh; Intel Mac OS X 10_9_5) AppleWebKit/537.36 (KHTML, like Gecko) Chrome/43.0.2357.134 Safari/537.36"
66.249.73.195 - - [17/Jul/2015:10:46:07 +0900] "GET /calendar/img/cal/March2014l.png HTTP/1.1" 200 541981 "-" "Googlebot-Image/1.0"
66.249.65.51 - - [17/Jul/2015:10:47:16 +0900] "GET /download/%E5%A7%94%E4%BB%BB%E7%8A%B6.pdf HTTP/1.1" 200 18035 "-" "Googlebot/2.1 (+http://www.google.com/bot.html)"
66.249.65.76 - - [17/Jul/2015:10:50:56 +0900] "GET /for_members/explain.html HTTP/1.1" 401 401 "-" "Mozilla/5.0 (iPhone; CPU iPhone OS 6_0 like Mac OS X) AppleWebKit/536.26 (KHTML, like Gecko) Version/6.0 Mobile/10A5376e Safari/8536.25 (compatible; Googlebot/2.1; +http://www.google.com/bot.html)"
66.249.65.57 - - [17/Jul/2015:10:54:18 +0900] "GET /download/%E9%80%80%E4%BC%9A%E5%B1%8A%E5%87%BA%E6%9B%B8.pdf HTTP/1.1" 200 36455 "-" "Googlebot/2.1 (+http://www.google.com/bot.html)"
66.249.73.203 - - [17/Jul/2015:10:56:24 +0900] "GET /news/img/Poster_top.jpg HTTP/1.1" 200 234551 "-" "Googlebot-Image/1.0"
125.193.141.234 - - [17/Jul/2015:10:58:13 +0900] "GET /db/education/ HTTP/1.1" 401 401 "-" "Mozilla/5.0 (Macintosh; Intel Mac OS X 10_9_5) AppleWebKit/537.36 (KHTML, like Gecko) Chrome/43.0.2357.134 Safari/537.36"
125.193.141.234 - data [17/Jul/2015:10:58:21 +0900] "GET /db/education/ HTTP/1.1" 200 5318 "-" "Mozilla/5.0 (Macintosh; Intel Mac OS X 10_9_5) AppleWebKit/537.36 (KHTML, like Gecko) Chrome/43.0.2357.134 Safari/537.36"
125.193.141.234 - - [17/Jul/2015:10:58:59 +0900] "GET /favicon.ico HTTP/1.1" 404 209 "http://www.sel.or.jp/db/education/" "Mozilla/5.0 (Macintosh; Intel Mac OS X 10_9_5) AppleWebKit/537.36 (KHTML, like Gecko) Chrome/43.0.2357.134 Safari/537.36"
125.193.141.234 - data [17/Jul/2015:10:59:00 +0900] "GET /db/education/ HTTP/1.1" 200 5318 "-" "Mozilla/5.0 (Macintosh; Intel Mac OS X 10_9_5) AppleWebKit/537.36 (KHTML, like Gecko) Chrome/43.0.2357.134 Safari/537.36"
125.193.141.234 - - [17/Jul/2015:10:59:00 +0900] "GET /bio-resource/css/common.css HTTP/1.1" 304 - "http://www.sel.or.jp/db/education/" "Mozilla/5.0 (Macintosh; Intel Mac OS X 10_9_5) AppleWebKit/537.36 (KHTML, like Gecko) Chrome/43.0.2357.134 Safari/537.36"
125.193.141.234 - - [17/Jul/2015:10:59:00 +0900] "GET /bio-resource/css/samplemail.css HTTP/1.1" 304 - "http://www.sel.or.jp/db/education/" "Mozilla/5.0 (Macintosh; Intel Mac OS X 10_9_5) AppleWebKit/537.36 (KHTML, like Gecko) Chrome/43.0.2357.134 Safari/537.36"
125.193.141.234 - - [17/Jul/2015:10:59:00 +0900] "GET /img/logo_03.jpg HTTP/1.1" 304 - "http://www.sel.or.jp/db/education/" "Mozilla/5.0 (Macintosh; Intel Mac OS X 10_9_5) AppleWebKit/537.36 (KHTML, like Gecko) Chrome/43.0.2357.134 Safari/537.36"
66.249.73.177 - - [17/Jul/2015:11:01:32 +0900] "GET /img/May2014.png HTTP/1.1" 200 460775 "-" "Googlebot-Image/1.0"
157.55.39.11 - - [17/Jul/2015:11:03:38 +0900] "GET / HTTP/1.1" 200 10416 "-" "Mozilla/5.0 (compatible; bingbot/2.0; +http://www.bing.com/bingbot.htm)"
66.249.73.187 - - [17/Jul/2015:11:11:49 +0900] "GET /news/img/kaijou.jpg HTTP/1.1" 200 283305 "-" "Googlebot-Image/1.0"
133.39.72.68 - - [17/Jul/2015:11:12:21 +0900] "GET / HTTP/1.1" 304 - "-" "Mozilla/5.0 (Macintosh; Intel Mac OS X 10_10_4) AppleWebKit/600.7.12 (KHTML, like Gecko) Version/8.0.7 Safari/600.7.12"
133.39.72.68 - - [17/Jul/2015:11:12:22 +0900] "GET /img/jdd.jpg HTTP/1.1" 304 - "http://sel.or.jp/" "Mozilla/5.0 (Macintosh; Intel Mac OS X 10_10_4) AppleWebKit/600.7.12 (KHTML, like Gecko) Version/8.0.7 Safari/600.7.12"
133.39.72.68 - - [17/Jul/2015:11:12:22 +0900] "GET /img/nigsakura.png HTTP/1.1" 304 - "http://sel.or.jp/" "Mozilla/5.0 (Macintosh; Intel Mac OS X 10_10_4) AppleWebKit/600.7.12 (KHTML, like Gecko) Version/8.0.7 Safari/600.7.12"
133.39.72.68 - - [17/Jul/2015:11:12:22 +0900] "GET /img/nigtsubaki.png HTTP/1.1" 304 - "http://sel.or.jp/" "Mozilla/5.0 (Macintosh; Intel Mac OS X 10_10_4) AppleWebKit/600.7.12 (KHTML, like Gecko) Version/8.0.7 Safari/600.7.12"
133.39.72.68 - - [17/Jul/2015:11:12:22 +0900] "GET /img/asagao.png HTTP/1.1" 304 - "http://sel.or.jp/" "Mozilla/5.0 (Macintosh; Intel Mac OS X 10_10_4) AppleWebKit/600.7.12 (KHTML, like Gecko) Version/8.0.7 Safari/600.7.12"
133.39.72.68 - - [17/Jul/2015:11:12:22 +0900] "GET /img/stsc_banner.png HTTP/1.1" 304 - "http://sel.or.jp/" "Mozilla/5.0 (Macintosh; Intel Mac OS X 10_10_4) AppleWebKit/600.7.12 (KHTML, like Gecko) Version/8.0.7 Safari/600.7.12"
133.39.72.68 - - [17/Jul/2015:11:12:22 +0900] "GET /img/rinta_banner.png HTTP/1.1" 304 - "http://sel.or.jp/" "Mozilla/5.0 (Macintosh; Intel Mac OS X 10_10_4) AppleWebKit/600.7.12 (KHTML, like Gecko) Version/8.0.7 Safari/600.7.12"
133.39.72.68 - - [17/Jul/2015:11:12:22 +0900] "GET /img/education_a1.png HTTP/1.1" 304 - "http://sel.or.jp/" "Mozilla/5.0 (Macintosh; Intel Mac OS X 10_10_4) AppleWebKit/600.7.12 (KHTML, like Gecko) Version/8.0.7 Safari/600.7.12"
66.249.73.187 - - [17/Jul/2015:11:16:57 +0900] "GET /biology/KONCHU_files/droppedImage_10.png HTTP/1.1" 200 15701 "-" "Googlebot-Image/1.0"
133.39.72.68 - - [17/Jul/2015:11:18:08 +0900] "GET /db/education/ HTTP/1.1" 401 401 "-" "Mozilla/5.0 (Macintosh; Intel Mac OS X 10_10_4) AppleWebKit/600.7.12 (KHTML, like Gecko) Version/8.0.7 Safari/600.7.12"
133.39.72.68 - data [17/Jul/2015:11:18:18 +0900] "GET /db/education/ HTTP/1.1" 200 5318 "-" "Mozilla/5.0 (Macintosh; Intel Mac OS X 10_10_4) AppleWebKit/600.7.12 (KHTML, like Gecko) Version/8.0.7 Safari/600.7.12"
46.165.220.215 - - [17/Jul/2015:11:21:53 +0900] "GET /themes/elastixneo/ie.css HTTP/1.1" 404 222 "-" "python-requests/2.7.0 CPython/2.6.6 Linux/2.6.32-504.23.4.el6.x86_64"
66.249.73.169 - - [17/Jul/2015:11:22:05 +0900] "GET /pub-relation/img/tomato.png HTTP/1.1" 200 157316 "-" "Googlebot-Image/1.0"
66.249.73.195 - - [17/Jul/2015:11:27:13 +0900] "GET /news/img/DSCN0077.jpg HTTP/1.1" 200 1968356 "-" "Googlebot-Image/1.0"
66.249.73.203 - - [17/Jul/2015:11:32:22 +0900] "GET /biology/KONCHU_files/droppedImage_12.png HTTP/1.1" 200 71792 "-" "Googlebot-Image/1.0"
66.249.73.187 - - [17/Jul/2015:11:37:30 +0900] "GET /img/logo_02.jpg HTTP/1.1" 200 37249 "-" "Googlebot-Image/1.0"
66.249.73.195 - - [17/Jul/2015:11:42:38 +0900] "GET /news/img/Pamph_01.png HTTP/1.1" 200 369686 "-" "Googlebot-Image/1.0"
66.249.65.79 - - [17/Jul/2015:11:47:46 +0900] "GET /img/May2014.png HTTP/1.1" 200 460775 "-" "Googlebot-Image/1.0"
66.249.73.177 - - [17/Jul/2015:11:49:27 +0900] "GET /policy.html HTTP/1.1" 200 4008 "-" "Mozilla/5.0 (iPhone; CPU iPhone OS 6_0 like Mac OS X) AppleWebKit/536.26 (KHTML, like Gecko) Version/6.0 Mobile/10A5376e Safari/8536.25 (compatible; Googlebot/2.1; +http://www.google.com/bot.html)"
66.249.73.169 - - [17/Jul/2015:11:52:54 +0900] "GET /calendar/img/cal/March2014l.png HTTP/1.1" 200 541981 "-" "Googlebot-Image/1.0"
66.249.73.195 - - [17/Jul/2015:11:58:03 +0900] "GET /img/kyoen-npo_s.png HTTP/1.1" 200 15820 "-" "Googlebot-Image/1.0"
66.249.73.185 - - [17/Jul/2015:11:59:49 +0900] "GET /css/common.css HTTP/1.1" 200 2179 "http://sel.or.jp/policy.html" "Mozilla/5.0 (compatible; Googlebot/2.1; +http://www.google.com/bot.html)"
66.249.73.169 - - [17/Jul/2015:11:59:49 +0900] "GET /css/mainpage.css HTTP/1.1" 200 903 "http://sel.or.jp/policy.html" "Mozilla/5.0 (compatible; Googlebot/2.1; +http://www.google.com/bot.html)"
66.249.73.187 - - [17/Jul/2015:12:03:11 +0900] "GET /img/resource01.png HTTP/1.1" 200 213589 "-" "Googlebot-Image/1.0"
66.249.73.169 - - [17/Jul/2015:12:08:19 +0900] "GET /img/nenkinpop.png HTTP/1.1" 200 50683 "-" "Googlebot-Image/1.0"
219.112.191.212 - data [17/Jul/2015:12:12:16 +0900] "GET /db/education/ HTTP/1.1" 401 401 "-" "Mozilla/5.0 (Macintosh; Intel Mac OS X 10.10; rv:39.0) Gecko/20100101 Firefox/39.0"
219.112.191.212 - data [17/Jul/2015:12:12:34 +0900] "GET /db/education/ HTTP/1.1" 200 5229 "-" "Mozilla/5.0 (Macintosh; Intel Mac OS X 10.10; rv:39.0) Gecko/20100101 Firefox/39.0"
219.112.191.212 - - [17/Jul/2015:12:12:34 +0900] "GET /bio-resource/css/common.css HTTP/1.1" 304 - "http://sel.or.jp/db/education/" "Mozilla/5.0 (Macintosh; Intel Mac OS X 10.10; rv:39.0) Gecko/20100101 Firefox/39.0"
219.112.191.212 - - [17/Jul/2015:12:12:34 +0900] "GET /bio-resource/css/samplemail.css HTTP/1.1" 304 - "http://sel.or.jp/db/education/" "Mozilla/5.0 (Macintosh; Intel Mac OS X 10.10; rv:39.0) Gecko/20100101 Firefox/39.0"
219.112.191.212 - - [17/Jul/2015:12:12:34 +0900] "GET /img/logo_03.jpg HTTP/1.1" 304 - "http://sel.or.jp/db/education/" "Mozilla/5.0 (Macintosh; Intel Mac OS X 10.10; rv:39.0) Gecko/20100101 Firefox/39.0"
66.249.73.203 - - [17/Jul/2015:12:13:28 +0900] "GET /img/banner_brp.jpg HTTP/1.1" 200 42075 "-" "Googlebot-Image/1.0"
66.249.65.51 - - [17/Jul/2015:12:18:36 +0900] "GET /img/November2014l.png HTTP/1.1" 200 1341395 "-" "Googlebot-Image/1.0"
66.249.73.203 - - [17/Jul/2015:12:23:45 +0900] "GET /img/subs.png HTTP/1.1" 200 3253 "-" "Googlebot-Image/1.0"
66.249.73.195 - - [17/Jul/2015:12:28:52 +0900] "GET /img/title_test.jpg HTTP/1.1" 200 51129 "-" "Googlebot-Image/1.0"
66.249.73.187 - - [17/Jul/2015:12:34:01 +0900] "GET /calendar/img/cal/2015/11-.jpg HTTP/1.1" 200 14773 "-" "Googlebot-Image/1.0"
219.112.191.212 - data [17/Jul/2015:12:36:54 +0900] "GET /db/education/ HTTP/1.1" 200 5229 "-" "Mozilla/5.0 (Macintosh; Intel Mac OS X 10.10; rv:39.0) Gecko/20100101 Firefox/39.0"
219.112.191.212 - - [17/Jul/2015:12:36:54 +0900] "GET /bio-resource/css/common.css HTTP/1.1" 304 - "http://sel.or.jp/db/education/" "Mozilla/5.0 (Macintosh; Intel Mac OS X 10.10; rv:39.0) Gecko/20100101 Firefox/39.0"
219.112.191.212 - - [17/Jul/2015:12:36:54 +0900] "GET /bio-resource/css/samplemail.css HTTP/1.1" 304 - "http://sel.or.jp/db/education/" "Mozilla/5.0 (Macintosh; Intel Mac OS X 10.10; rv:39.0) Gecko/20100101 Firefox/39.0"
219.112.191.212 - - [17/Jul/2015:12:36:54 +0900] "GET /img/logo_03.jpg HTTP/1.1" 304 - "http://sel.or.jp/db/education/" "Mozilla/5.0 (Macintosh; Intel Mac OS X 10.10; rv:39.0) Gecko/20100101 Firefox/39.0"
66.249.73.169 - - [17/Jul/2015:12:39:09 +0900] "GET /pub-relation/img/ratpop.png HTTP/1.1" 200 32417 "-" "Googlebot-Image/1.0"
66.249.65.73 - - [17/Jul/2015:12:44:17 +0900] "GET /img/August2014l.png HTTP/1.1" 200 3970336 "-" "Googlebot-Image/1.0"
66.249.65.76 - - [17/Jul/2015:12:49:25 +0900] "GET /img/morningpop.png HTTP/1.1" 200 56133 "-" "Googlebot-Image/1.0"
219.112.191.212 - data [17/Jul/2015:12:49:59 +0900] "GET /db/education/ HTTP/1.1" 200 5229 "-" "Mozilla/5.0 (Macintosh; Intel Mac OS X 10.10; rv:39.0) Gecko/20100101 Firefox/39.0"
219.112.191.212 - - [17/Jul/2015:12:49:59 +0900] "GET /bio-resource/css/common.css HTTP/1.1" 304 - "http://sel.or.jp/db/education/" "Mozilla/5.0 (Macintosh; Intel Mac OS X 10.10; rv:39.0) Gecko/20100101 Firefox/39.0"
219.112.191.212 - - [17/Jul/2015:12:49:59 +0900] "GET /bio-resource/css/samplemail.css HTTP/1.1" 304 - "http://sel.or.jp/db/education/" "Mozilla/5.0 (Macintosh; Intel Mac OS X 10.10; rv:39.0) Gecko/20100101 Firefox/39.0"
219.112.191.212 - - [17/Jul/2015:12:49:59 +0900] "GET /img/logo_03.jpg HTTP/1.1" 304 - "http://sel.or.jp/db/education/" "Mozilla/5.0 (Macintosh; Intel Mac OS X 10.10; rv:39.0) Gecko/20100101 Firefox/39.0"
66.249.73.187 - - [17/Jul/2015:12:54:34 +0900] "GET /biology/KONCHU_files/droppedImage_5.png HTTP/1.1" 200 38709 "-" "Googlebot-Image/1.0"
66.249.65.79 - - [17/Jul/2015:12:59:41 +0900] "GET /news/img/Pamph_06.png HTTP/1.1" 200 269931 "-" "Googlebot-Image/1.0"
66.249.73.195 - - [17/Jul/2015:13:04:51 +0900] "GET /calendar/img/cal/October2014l.png HTTP/1.1" 200 505759 "-" "Googlebot-Image/1.0"
133.39.72.68 - - [17/Jul/2015:13:05:05 +0900] "GET / HTTP/1.1" 304 - "-" "Mozilla/5.0 (Macintosh; Intel Mac OS X 10_10_4) AppleWebKit/600.7.12 (KHTML, like Gecko) Version/8.0.7 Safari/600.7.12"
133.39.72.68 - - [17/Jul/2015:13:05:05 +0900] "GET /img/stsc_banner.png HTTP/1.1" 304 - "http://sel.or.jp/" "Mozilla/5.0 (Macintosh; Intel Mac OS X 10_10_4) AppleWebKit/600.7.12 (KHTML, like Gecko) Version/8.0.7 Safari/600.7.12"
133.39.72.68 - - [17/Jul/2015:13:05:05 +0900] "GET /img/jdd.jpg HTTP/1.1" 304 - "http://sel.or.jp/" "Mozilla/5.0 (Macintosh; Intel Mac OS X 10_10_4) AppleWebKit/600.7.12 (KHTML, like Gecko) Version/8.0.7 Safari/600.7.12"
133.39.72.68 - - [17/Jul/2015:13:05:05 +0900] "GET /img/asagao.png HTTP/1.1" 304 - "http://sel.or.jp/" "Mozilla/5.0 (Macintosh; Intel Mac OS X 10_10_4) AppleWebKit/600.7.12 (KHTML, like Gecko) Version/8.0.7 Safari/600.7.12"
133.39.72.68 - - [17/Jul/2015:13:05:05 +0900] "GET /img/nigsakura.png HTTP/1.1" 304 - "http://sel.or.jp/" "Mozilla/5.0 (Macintosh; Intel Mac OS X 10_10_4) AppleWebKit/600.7.12 (KHTML, like Gecko) Version/8.0.7 Safari/600.7.12"
133.39.72.68 - - [17/Jul/2015:13:05:05 +0900] "GET /img/nigtsubaki.png HTTP/1.1" 304 - "http://sel.or.jp/" "Mozilla/5.0 (Macintosh; Intel Mac OS X 10_10_4) AppleWebKit/600.7.12 (KHTML, like Gecko) Version/8.0.7 Safari/600.7.12"
133.39.72.68 - - [17/Jul/2015:13:05:05 +0900] "GET /img/rinta_banner.png HTTP/1.1" 304 - "http://sel.or.jp/" "Mozilla/5.0 (Macintosh; Intel Mac OS X 10_10_4) AppleWebKit/600.7.12 (KHTML, like Gecko) Version/8.0.7 Safari/600.7.12"
133.39.72.68 - - [17/Jul/2015:13:05:05 +0900] "GET /img/education_a1.png HTTP/1.1" 304 - "http://sel.or.jp/" "Mozilla/5.0 (Macintosh; Intel Mac OS X 10_10_4) AppleWebKit/600.7.12 (KHTML, like Gecko) Version/8.0.7 Safari/600.7.12"
133.39.72.68 - data [17/Jul/2015:13:05:13 +0900] "GET /db/education/ HTTP/1.1" 200 5229 "-" "Mozilla/5.0 (Macintosh; Intel Mac OS X 10_10_4) AppleWebKit/600.7.12 (KHTML, like Gecko) Version/8.0.7 Safari/600.7.12"
66.249.73.187 - - [17/Jul/2015:13:09:58 +0900] "GET /calendar/img/cal/2015/12-.jpg HTTP/1.1" 200 39492 "-" "Googlebot-Image/1.0"
219.112.191.212 - data [17/Jul/2015:13:10:35 +0900] "GET /db/education/ HTTP/1.1" 200 5229 "-" "Mozilla/5.0 (Macintosh; Intel Mac OS X 10.10; rv:39.0) Gecko/20100101 Firefox/39.0"
219.112.191.212 - - [17/Jul/2015:13:10:35 +0900] "GET /bio-resource/css/common.css HTTP/1.1" 304 - "http://sel.or.jp/db/education/" "Mozilla/5.0 (Macintosh; Intel Mac OS X 10.10; rv:39.0) Gecko/20100101 Firefox/39.0"
219.112.191.212 - - [17/Jul/2015:13:10:35 +0900] "GET /bio-resource/css/samplemail.css HTTP/1.1" 304 - "http://sel.or.jp/db/education/" "Mozilla/5.0 (Macintosh; Intel Mac OS X 10.10; rv:39.0) Gecko/20100101 Firefox/39.0"
219.112.191.212 - - [17/Jul/2015:13:10:35 +0900] "GET /img/logo_03.jpg HTTP/1.1" 304 - "http://sel.or.jp/db/education/" "Mozilla/5.0 (Macintosh; Intel Mac OS X 10.10; rv:39.0) Gecko/20100101 Firefox/39.0"
66.249.73.177 - - [17/Jul/2015:13:15:07 +0900] "GET /img/August2014l.png HTTP/1.1" 200 3970336 "-" "Googlebot-Image/1.0"
66.249.65.51 - - [17/Jul/2015:13:20:15 +0900] "GET /img/November2014s.png HTTP/1.1" 200 639405 "-" "Googlebot-Image/1.0"
133.39.72.68 - - [17/Jul/2015:13:21:40 +0900] "GET /db/education HTTP/1.1" 401 401 "-" "Mozilla/5.0 (Macintosh; Intel Mac OS X 10_10_4) AppleWebKit/600.7.12 (KHTML, like Gecko) Version/8.0.7 Safari/600.7.12"
133.39.72.68 - data [17/Jul/2015:13:21:40 +0900] "GET /db/education HTTP/1.1" 301 238 "-" "Mozilla/5.0 (Macintosh; Intel Mac OS X 10_10_4) AppleWebKit/600.7.12 (KHTML, like Gecko) Version/8.0.7 Safari/600.7.12"
133.39.72.68 - data [17/Jul/2015:13:21:40 +0900] "GET /db/education/ HTTP/1.1" 200 5229 "-" "Mozilla/5.0 (Macintosh; Intel Mac OS X 10_10_4) AppleWebKit/600.7.12 (KHTML, like Gecko) Version/8.0.7 Safari/600.7.12"
133.39.72.68 - - [17/Jul/2015:13:21:40 +0900] "GET /bio-resource/css/common.css HTTP/1.1" 200 2450 "http://sel.or.jp/db/education/" "Mozilla/5.0 (Macintosh; Intel Mac OS X 10_10_4) AppleWebKit/600.7.12 (KHTML, like Gecko) Version/8.0.7 Safari/600.7.12"
133.39.72.68 - - [17/Jul/2015:13:21:40 +0900] "GET /bio-resource/css/samplemail.css HTTP/1.1" 200 1274 "http://sel.or.jp/db/education/" "Mozilla/5.0 (Macintosh; Intel Mac OS X 10_10_4) AppleWebKit/600.7.12 (KHTML, like Gecko) Version/8.0.7 Safari/600.7.12"
133.39.72.68 - - [17/Jul/2015:13:21:40 +0900] "GET /img/logo_03.jpg HTTP/1.1" 200 37176 "http://sel.or.jp/db/education/" "Mozilla/5.0 (Macintosh; Intel Mac OS X 10_10_4) AppleWebKit/600.7.12 (KHTML, like Gecko) Version/8.0.7 Safari/600.7.12"
133.39.72.68 - - [17/Jul/2015:13:21:55 +0900] "GET / HTTP/1.1" 200 10416 "-" "Mozilla/5.0 (Macintosh; Intel Mac OS X 10_10_4) AppleWebKit/600.7.12 (KHTML, like Gecko) Version/8.0.7 Safari/600.7.12"
133.39.72.68 - - [17/Jul/2015:13:21:55 +0900] "GET /css/titlepage1.css HTTP/1.1" 200 2015 "http://sel.or.jp/" "Mozilla/5.0 (Macintosh; Intel Mac OS X 10_10_4) AppleWebKit/600.7.12 (KHTML, like Gecko) Version/8.0.7 Safari/600.7.12"
133.39.72.68 - - [17/Jul/2015:13:21:55 +0900] "GET /js/lightbox.js HTTP/1.1" 200 12340 "http://sel.or.jp/" "Mozilla/5.0 (Macintosh; Intel Mac OS X 10_10_4) AppleWebKit/600.7.12 (KHTML, like Gecko) Version/8.0.7 Safari/600.7.12"
133.39.72.68 - - [17/Jul/2015:13:21:55 +0900] "GET /css/lightbox.css HTTP/1.1" 200 4190 "http://sel.or.jp/" "Mozilla/5.0 (Macintosh; Intel Mac OS X 10_10_4) AppleWebKit/600.7.12 (KHTML, like Gecko) Version/8.0.7 Safari/600.7.12"
133.39.72.68 - - [17/Jul/2015:13:21:55 +0900] "GET /css/common.css HTTP/1.1" 200 2179 "http://sel.or.jp/" "Mozilla/5.0 (Macintosh; Intel Mac OS X 10_10_4) AppleWebKit/600.7.12 (KHTML, like Gecko) Version/8.0.7 Safari/600.7.12"
133.39.72.68 - - [17/Jul/2015:13:21:55 +0900] "GET /js/jquery-1.10.2.min.js HTTP/1.1" 200 93107 "http://sel.or.jp/" "Mozilla/5.0 (Macintosh; Intel Mac OS X 10_10_4) AppleWebKit/600.7.12 (KHTML, like Gecko) Version/8.0.7 Safari/600.7.12"
133.39.72.68 - - [17/Jul/2015:13:21:56 +0900] "GET /img/logo_02.jpg HTTP/1.1" 200 37249 "http://sel.or.jp/" "Mozilla/5.0 (Macintosh; Intel Mac OS X 10_10_4) AppleWebKit/600.7.12 (KHTML, like Gecko) Version/8.0.7 Safari/600.7.12"
133.39.72.68 - - [17/Jul/2015:13:21:56 +0900] "GET /img/jdd.jpg HTTP/1.1" 200 42974 "http://sel.or.jp/" "Mozilla/5.0 (Macintosh; Intel Mac OS X 10_10_4) AppleWebKit/600.7.12 (KHTML, like Gecko) Version/8.0.7 Safari/600.7.12"
133.39.72.68 - - [17/Jul/2015:13:21:56 +0900] "GET /img/nigsakura.png HTTP/1.1" 200 15755 "http://sel.or.jp/" "Mozilla/5.0 (Macintosh; Intel Mac OS X 10_10_4) AppleWebKit/600.7.12 (KHTML, like Gecko) Version/8.0.7 Safari/600.7.12"
133.39.72.68 - - [17/Jul/2015:13:21:56 +0900] "GET /img/asagao.png HTTP/1.1" 200 16282 "http://sel.or.jp/" "Mozilla/5.0 (Macintosh; Intel Mac OS X 10_10_4) AppleWebKit/600.7.12 (KHTML, like Gecko) Version/8.0.7 Safari/600.7.12"
133.39.72.68 - - [17/Jul/2015:13:21:56 +0900] "GET /img/banner_brp.jpg HTTP/1.1" 200 42075 "http://sel.or.jp/" "Mozilla/5.0 (Macintosh; Intel Mac OS X 10_10_4) AppleWebKit/600.7.12 (KHTML, like Gecko) Version/8.0.7 Safari/600.7.12"
133.39.72.68 - - [17/Jul/2015:13:21:56 +0900] "GET /img/nigtsubaki.png HTTP/1.1" 200 18198 "http://sel.or.jp/" "Mozilla/5.0 (Macintosh; Intel Mac OS X 10_10_4) AppleWebKit/600.7.12 (KHTML, like Gecko) Version/8.0.7 Safari/600.7.12"
133.39.72.68 - - [17/Jul/2015:13:21:56 +0900] "GET /img/NPOWEB.png HTTP/1.1" 200 6854 "http://sel.or.jp/" "Mozilla/5.0 (Macintosh; Intel Mac OS X 10_10_4) AppleWebKit/600.7.12 (KHTML, like Gecko) Version/8.0.7 Safari/600.7.12"
133.39.72.68 - - [17/Jul/2015:13:21:56 +0900] "GET /img/kyoto-city-web_s.png HTTP/1.1" 200 8909 "http://sel.or.jp/" "Mozilla/5.0 (Macintosh; Intel Mac OS X 10_10_4) AppleWebKit/600.7.12 (KHTML, like Gecko) Version/8.0.7 Safari/600.7.12"
133.39.72.68 - - [17/Jul/2015:13:21:56 +0900] "GET /img/lifescience.jpg HTTP/1.1" 200 6298 "http://sel.or.jp/" "Mozilla/5.0 (Macintosh; Intel Mac OS X 10_10_4) AppleWebKit/600.7.12 (KHTML, like Gecko) Version/8.0.7 Safari/600.7.12"
133.39.72.68 - - [17/Jul/2015:13:21:56 +0900] "GET /img/title_test.jpg HTTP/1.1" 200 51129 "http://sel.or.jp/" "Mozilla/5.0 (Macintosh; Intel Mac OS X 10_10_4) AppleWebKit/600.7.12 (KHTML, like Gecko) Version/8.0.7 Safari/600.7.12"
133.39.72.68 - - [17/Jul/2015:13:21:56 +0900] "GET /img/kyoen-npo_s.png HTTP/1.1" 200 15820 "http://sel.or.jp/" "Mozilla/5.0 (Macintosh; Intel Mac OS X 10_10_4) AppleWebKit/600.7.12 (KHTML, like Gecko) Version/8.0.7 Safari/600.7.12"
133.39.72.68 - - [17/Jul/2015:13:21:56 +0900] "GET /img/rinta_banner.png HTTP/1.1" 200 53562 "http://sel.or.jp/" "Mozilla/5.0 (Macintosh; Intel Mac OS X 10_10_4) AppleWebKit/600.7.12 (KHTML, like Gecko) Version/8.0.7 Safari/600.7.12"
133.39.72.68 - - [17/Jul/2015:13:21:56 +0900] "GET /calendar/img/cal/2015/05-.jpg HTTP/1.1" 200 29818 "http://sel.or.jp/" "Mozilla/5.0 (Macintosh; Intel Mac OS X 10_10_4) AppleWebKit/600.7.12 (KHTML, like Gecko) Version/8.0.7 Safari/600.7.12"
133.39.72.68 - - [17/Jul/2015:13:21:56 +0900] "GET /calendar/img/cal/2015/03-.jpg HTTP/1.1" 200 29220 "http://sel.or.jp/" "Mozilla/5.0 (Macintosh; Intel Mac OS X 10_10_4) AppleWebKit/600.7.12 (KHTML, like Gecko) Version/8.0.7 Safari/600.7.12"
133.39.72.68 - - [17/Jul/2015:13:21:56 +0900] "GET /calendar/img/cal/2015/08-.jpg HTTP/1.1" 200 40531 "http://sel.or.jp/" "Mozilla/5.0 (Macintosh; Intel Mac OS X 10_10_4) AppleWebKit/600.7.12 (KHTML, like Gecko) Version/8.0.7 Safari/600.7.12"
133.39.72.68 - - [17/Jul/2015:13:21:56 +0900] "GET /img/education_a1.png HTTP/1.1" 200 80681 "http://sel.or.jp/" "Mozilla/5.0 (Macintosh; Intel Mac OS X 10_10_4) AppleWebKit/600.7.12 (KHTML, like Gecko) Version/8.0.7 Safari/600.7.12"
133.39.72.68 - - [17/Jul/2015:13:21:56 +0900] "GET /calendar/img/cal/2015/10-.jpg HTTP/1.1" 200 20130 "http://sel.or.jp/" "Mozilla/5.0 (Macintosh; Intel Mac OS X 10_10_4) AppleWebKit/600.7.12 (KHTML, like Gecko) Version/8.0.7 Safari/600.7.12"
133.39.72.68 - - [17/Jul/2015:13:21:56 +0900] "GET /calendar/img/cal/2015/12-.jpg HTTP/1.1" 200 39492 "http://sel.or.jp/" "Mozilla/5.0 (Macintosh; Intel Mac OS X 10_10_4) AppleWebKit/600.7.12 (KHTML, like Gecko) Version/8.0.7 Safari/600.7.12"
133.39.72.68 - - [17/Jul/2015:13:21:56 +0900] "GET /img/close.png HTTP/1.1" 200 280 "http://sel.or.jp/" "Mozilla/5.0 (Macintosh; Intel Mac OS X 10_10_4) AppleWebKit/600.7.12 (KHTML, like Gecko) Version/8.0.7 Safari/600.7.12"
133.39.72.68 - - [17/Jul/2015:13:21:56 +0900] "GET /calendar/img/cal/2015/01-.jpg HTTP/1.1" 200 245673 "http://sel.or.jp/" "Mozilla/5.0 (Macintosh; Intel Mac OS X 10_10_4) AppleWebKit/600.7.12 (KHTML, like Gecko) Version/8.0.7 Safari/600.7.12"
133.39.72.68 - - [17/Jul/2015:13:21:56 +0900] "GET /img/prev.png HTTP/1.1" 200 1360 "http://sel.or.jp/" "Mozilla/5.0 (Macintosh; Intel Mac OS X 10_10_4) AppleWebKit/600.7.12 (KHTML, like Gecko) Version/8.0.7 Safari/600.7.12"
133.39.72.68 - - [17/Jul/2015:13:21:56 +0900] "GET /img/logo_s_n.gif HTTP/1.1" 200 6345 "http://sel.or.jp/" "Mozilla/5.0 (Macintosh; Intel Mac OS X 10_10_4) AppleWebKit/600.7.12 (KHTML, like Gecko) Version/8.0.7 Safari/600.7.12"
133.39.72.68 - - [17/Jul/2015:13:21:56 +0900] "GET /calendar/img/cal/2015/07-.jpg HTTP/1.1" 200 35408 "http://sel.or.jp/" "Mozilla/5.0 (Macintosh; Intel Mac OS X 10_10_4) AppleWebKit/600.7.12 (KHTML, like Gecko) Version/8.0.7 Safari/600.7.12"
133.39.72.68 - - [17/Jul/2015:13:21:56 +0900] "GET /img/K-NPO-C_s.png HTTP/1.1" 200 4158 "http://sel.or.jp/" "Mozilla/5.0 (Macintosh; Intel Mac OS X 10_10_4) AppleWebKit/600.7.12 (KHTML, like Gecko) Version/8.0.7 Safari/600.7.12"
133.39.72.68 - - [17/Jul/2015:13:21:56 +0900] "GET /calendar/img/cal/2015/04-.jpg HTTP/1.1" 200 23095 "http://sel.or.jp/" "Mozilla/5.0 (Macintosh; Intel Mac OS X 10_10_4) AppleWebKit/600.7.12 (KHTML, like Gecko) Version/8.0.7 Safari/600.7.12"
133.39.72.68 - - [17/Jul/2015:13:21:56 +0900] "GET /calendar/img/cal/2015/09-.jpg HTTP/1.1" 200 17090 "http://sel.or.jp/" "Mozilla/5.0 (Macintosh; Intel Mac OS X 10_10_4) AppleWebKit/600.7.12 (KHTML, like Gecko) Version/8.0.7 Safari/600.7.12"
133.39.72.68 - - [17/Jul/2015:13:21:56 +0900] "GET /img/top_list_test.png HTTP/1.1" 200 17879 "http://sel.or.jp/" "Mozilla/5.0 (Macintosh; Intel Mac OS X 10_10_4) AppleWebKit/600.7.12 (KHTML, like Gecko) Version/8.0.7 Safari/600.7.12"
133.39.72.68 - - [17/Jul/2015:13:21:56 +0900] "GET /img/stsc_banner.png HTTP/1.1" 200 71882 "http://sel.or.jp/" "Mozilla/5.0 (Macintosh; Intel Mac OS X 10_10_4) AppleWebKit/600.7.12 (KHTML, like Gecko) Version/8.0.7 Safari/600.7.12"
133.39.72.68 - - [17/Jul/2015:13:21:56 +0900] "GET /img/next.png HTTP/1.1" 200 1350 "http://sel.or.jp/" "Mozilla/5.0 (Macintosh; Intel Mac OS X 10_10_4) AppleWebKit/600.7.12 (KHTML, like Gecko) Version/8.0.7 Safari/600.7.12"
133.39.72.68 - - [17/Jul/2015:13:21:56 +0900] "GET /img/Plus-social.png HTTP/1.1" 200 38745 "http://sel.or.jp/" "Mozilla/5.0 (Macintosh; Intel Mac OS X 10_10_4) AppleWebKit/600.7.12 (KHTML, like Gecko) Version/8.0.7 Safari/600.7.12"
133.39.72.68 - - [17/Jul/2015:13:21:56 +0900] "GET /calendar/img/cal/2015/02-.jpg HTTP/1.1" 200 24564 "http://sel.or.jp/" "Mozilla/5.0 (Macintosh; Intel Mac OS X 10_10_4) AppleWebKit/600.7.12 (KHTML, like Gecko) Version/8.0.7 Safari/600.7.12"
133.39.72.68 - - [17/Jul/2015:13:21:56 +0900] "GET /calendar/img/cal/2015/11-.jpg HTTP/1.1" 200 14773 "http://sel.or.jp/" "Mozilla/5.0 (Macintosh; Intel Mac OS X 10_10_4) AppleWebKit/600.7.12 (KHTML, like Gecko) Version/8.0.7 Safari/600.7.12"
133.39.72.68 - - [17/Jul/2015:13:21:56 +0900] "GET /img/NBRP.jpg HTTP/1.1" 200 11477 "http://sel.or.jp/" "Mozilla/5.0 (Macintosh; Intel Mac OS X 10_10_4) AppleWebKit/600.7.12 (KHTML, like Gecko) Version/8.0.7 Safari/600.7.12"
133.39.72.68 - - [17/Jul/2015:13:21:56 +0900] "GET /calendar/img/cal/2015/06-.jpg HTTP/1.1" 200 32062 "http://sel.or.jp/" "Mozilla/5.0 (Macintosh; Intel Mac OS X 10_10_4) AppleWebKit/600.7.12 (KHTML, like Gecko) Version/8.0.7 Safari/600.7.12"
133.39.72.68 - - [17/Jul/2015:13:21:56 +0900] "GET /img/fields_logo.gif HTTP/1.1" 200 2625 "http://sel.or.jp/" "Mozilla/5.0 (Macintosh; Intel Mac OS X 10_10_4) AppleWebKit/600.7.12 (KHTML, like Gecko) Version/8.0.7 Safari/600.7.12"
133.39.72.68 - - [17/Jul/2015:13:21:56 +0900] "GET /img/loading.gif HTTP/1.1" 200 8476 "http://sel.or.jp/" "Mozilla/5.0 (Macintosh; Intel Mac OS X 10_10_4) AppleWebKit/600.7.12 (KHTML, like Gecko) Version/8.0.7 Safari/600.7.12"
133.39.72.68 - data [17/Jul/2015:13:22:02 +0900] "GET /db/education/ HTTP/1.1" 200 5229 "-" "Mozilla/5.0 (Macintosh; Intel Mac OS X 10_10_4) AppleWebKit/600.7.12 (KHTML, like Gecko) Version/8.0.7 Safari/600.7.12"
133.39.72.68 - data [17/Jul/2015:13:22:23 +0900] "GET /db/education/ HTTP/1.1" 200 5229 "-" "Mozilla/5.0 (Macintosh; Intel Mac OS X 10_10_4) AppleWebKit/600.7.12 (KHTML, like Gecko) Version/8.0.7 Safari/600.7.12"
133.39.72.68 - - [17/Jul/2015:13:22:23 +0900] "GET /bio-resource/css/common.css HTTP/1.1" 200 2450 "http://sel.or.jp/db/education/" "Mozilla/5.0 (Macintosh; Intel Mac OS X 10_10_4) AppleWebKit/600.7.12 (KHTML, like Gecko) Version/8.0.7 Safari/600.7.12"
133.39.72.68 - - [17/Jul/2015:13:22:23 +0900] "GET /img/logo_03.jpg HTTP/1.1" 200 37176 "http://sel.or.jp/db/education/" "Mozilla/5.0 (Macintosh; Intel Mac OS X 10_10_4) AppleWebKit/600.7.12 (KHTML, like Gecko) Version/8.0.7 Safari/600.7.12"
133.39.72.68 - - [17/Jul/2015:13:22:23 +0900] "GET /bio-resource/css/samplemail.css HTTP/1.1" 200 1274 "http://sel.or.jp/db/education/" "Mozilla/5.0 (Macintosh; Intel Mac OS X 10_10_4) AppleWebKit/600.7.12 (KHTML, like Gecko) Version/8.0.7 Safari/600.7.12"
133.39.72.68 - data [17/Jul/2015:13:22:56 +0900] "GET /db/education/ HTTP/1.1" 200 5229 "-" "Mozilla/5.0 (Macintosh; Intel Mac OS X 10_10_4) AppleWebKit/600.7.12 (KHTML, like Gecko) Version/8.0.7 Safari/600.7.12"
133.39.72.68 - - [17/Jul/2015:13:22:56 +0900] "GET /bio-resource/css/common.css HTTP/1.1" 200 2450 "http://sel.or.jp/db/education/" "Mozilla/5.0 (Macintosh; Intel Mac OS X 10_10_4) AppleWebKit/600.7.12 (KHTML, like Gecko) Version/8.0.7 Safari/600.7.12"
133.39.72.68 - - [17/Jul/2015:13:22:56 +0900] "GET /bio-resource/css/samplemail.css HTTP/1.1" 200 1274 "http://sel.or.jp/db/education/" "Mozilla/5.0 (Macintosh; Intel Mac OS X 10_10_4) AppleWebKit/600.7.12 (KHTML, like Gecko) Version/8.0.7 Safari/600.7.12"
133.39.72.68 - - [17/Jul/2015:13:22:56 +0900] "GET /img/logo_03.jpg HTTP/1.1" 200 37176 "http://sel.or.jp/db/education/" "Mozilla/5.0 (Macintosh; Intel Mac OS X 10_10_4) AppleWebKit/600.7.12 (KHTML, like Gecko) Version/8.0.7 Safari/600.7.12"
66.249.73.185 - - [17/Jul/2015:13:25:24 +0900] "GET /calendar/img/cal/January2014.png HTTP/1.1" 200 18740 "-" "Googlebot-Image/1.0"
133.39.72.68 - - [17/Jul/2015:13:30:55 +0900] "GET /db/education/ HTTP/1.1" 401 401 "-" "Mozilla/5.0 (Macintosh; Intel Mac OS X 10_10_4) AppleWebKit/600.7.12 (KHTML, like Gecko) Version/8.0.7 Safari/600.7.12"
133.39.72.68 - - [17/Jul/2015:13:30:55 +0900] "GET /db/education/ HTTP/1.1" 401 401 "-" "Mozilla/5.0 (Macintosh; Intel Mac OS X 10_10_4) AppleWebKit/600.7.12 (KHTML, like Gecko) Version/8.0.7 Safari/600.7.12"
133.39.72.68 - data [17/Jul/2015:13:31:15 +0900] "GET /db/education/ HTTP/1.1" 200 5229 "-" "Mozilla/5.0 (Macintosh; Intel Mac OS X 10_10_4) AppleWebKit/600.7.12 (KHTML, like Gecko) Version/8.0.7 Safari/600.7.12"
133.39.72.68 - - [17/Jul/2015:13:31:28 +0900] "GET /db/education/ HTTP/1.1" 401 401 "-" "Mozilla/5.0 (Macintosh; Intel Mac OS X 10_10_4) AppleWebKit/600.7.12 (KHTML, like Gecko) Version/8.0.7 Safari/600.7.12"
133.39.72.68 - - [17/Jul/2015:13:31:28 +0900] "GET /db/education/ HTTP/1.1" 401 401 "-" "Mozilla/5.0 (Macintosh; Intel Mac OS X 10_10_4) AppleWebKit/600.7.12 (KHTML, like Gecko) Version/8.0.7 Safari/600.7.12"
133.39.72.68 - - [17/Jul/2015:13:31:29 +0900] "GET /favicon.ico HTTP/1.1" 404 209 "http://sel.or.jp/db/education/" "Mozilla/5.0 (Macintosh; Intel Mac OS X 10_10_4) AppleWebKit/600.7.12 (KHTML, like Gecko) Version/8.0.7 Safari/600.7.12"
66.249.73.195 - - [17/Jul/2015:13:35:41 +0900] "GET /biology/KONCHU_files/droppedImage_8.png HTTP/1.1" 200 63110 "-" "Googlebot-Image/1.0"
219.112.191.212 - data [17/Jul/2015:13:38:56 +0900] "GET /db/education/ HTTP/1.1" 200 5229 "-" "Mozilla/5.0 (Macintosh; Intel Mac OS X 10.10; rv:39.0) Gecko/20100101 Firefox/39.0"
219.112.191.212 - - [17/Jul/2015:13:38:56 +0900] "GET /bio-resource/css/common.css HTTP/1.1" 304 - "http://sel.or.jp/db/education/" "Mozilla/5.0 (Macintosh; Intel Mac OS X 10.10; rv:39.0) Gecko/20100101 Firefox/39.0"
219.112.191.212 - - [17/Jul/2015:13:38:56 +0900] "GET /bio-resource/css/samplemail.css HTTP/1.1" 304 - "http://sel.or.jp/db/education/" "Mozilla/5.0 (Macintosh; Intel Mac OS X 10.10; rv:39.0) Gecko/20100101 Firefox/39.0"
219.112.191.212 - - [17/Jul/2015:13:38:56 +0900] "GET /img/logo_03.jpg HTTP/1.1" 304 - "http://sel.or.jp/db/education/" "Mozilla/5.0 (Macintosh; Intel Mac OS X 10.10; rv:39.0) Gecko/20100101 Firefox/39.0"
219.112.191.212 - data [17/Jul/2015:13:38:59 +0900] "GET /db/education/ HTTP/1.1" 200 5229 "-" "Mozilla/5.0 (Macintosh; Intel Mac OS X 10.10; rv:39.0) Gecko/20100101 Firefox/39.0"
219.112.191.212 - - [17/Jul/2015:13:38:59 +0900] "GET /bio-resource/css/common.css HTTP/1.1" 304 - "http://sel.or.jp/db/education/" "Mozilla/5.0 (Macintosh; Intel Mac OS X 10.10; rv:39.0) Gecko/20100101 Firefox/39.0"
219.112.191.212 - - [17/Jul/2015:13:38:59 +0900] "GET /bio-resource/css/samplemail.css HTTP/1.1" 304 - "http://sel.or.jp/db/education/" "Mozilla/5.0 (Macintosh; Intel Mac OS X 10.10; rv:39.0) Gecko/20100101 Firefox/39.0"
219.112.191.212 - - [17/Jul/2015:13:38:59 +0900] "GET /img/logo_03.jpg HTTP/1.1" 304 - "http://sel.or.jp/db/education/" "Mozilla/5.0 (Macintosh; Intel Mac OS X 10.10; rv:39.0) Gecko/20100101 Firefox/39.0"
66.249.73.187 - - [17/Jul/2015:13:40:48 +0900] "GET /calendar/img/cal/2015/10-.jpg HTTP/1.1" 200 20130 "-" "Googlebot-Image/1.0"
66.249.73.187 - - [17/Jul/2015:13:45:56 +0900] "GET /biology/KONCHU_files/droppedImage_2.png HTTP/1.1" 200 73013 "-" "Googlebot-Image/1.0"
66.249.73.203 - - [17/Jul/2015:13:46:41 +0900] "GET /pub-relation/tropical_clawed_toad.html HTTP/1.1" 200 3319 "-" "Mozilla/5.0 (iPhone; CPU iPhone OS 6_0 like Mac OS X) AppleWebKit/536.26 (KHTML, like Gecko) Version/6.0 Mobile/10A5376e Safari/8536.25 (compatible; Googlebot/2.1; +http://www.google.com/bot.html)"
66.249.65.51 - - [17/Jul/2015:13:51:04 +0900] "GET /img/July2014l.jpg HTTP/1.1" 200 803151 "-" "Googlebot-Image/1.0"
